 the units digit of r(v)?
7
Suppose 801 = 3*a - 3*q, 4*a - 2*q - 277 = 781. What is the units digit of a?
2
Let x(c) = c**3 - 11*c**2 - 12*c + 9. Let h(z) = -z**3 - 2*z**2 + 5*z. Let n = -17 + 13. Let l be h(n). What is the units digit of x(l)?
9
Let z be (-8)/6 - 192/(-9). What is the units digit of z/(-3 - 2) + 5?
1
Let z be -33*1/4*-8. Let f be (z/12)/((-3)/6). Let i = f + 19. What is the units digit of i?
8
Let g = 31 - 29. Suppose -g*p + 27 = 5. Let x = 25 - p. What is the units digit of x?
4
Let j(n) = n**3 + n + 326. Let w be j(0). Let t = -221 + w. What is the hundreds digit of t?
1
Let m be 600/(-16)*(-4)/(-2). Let n = m - -39. What is the units digit of 9/n + 18/8?
2
Let r be (-12)/(-54) - 102/(-27). Let y be r + -3 - (-75 - 2). Suppose -b - 2*b = -y. What is the units digit of b?
6
Let y = -8 - -21. Suppose -8*v = -y*v + 655. What is the tens digit of v?
3
Let t = 26 - 28. What is the tens digit of ((-148)/(-12))/(t/(-6))?
3
Let p be 2/(-8) - (-7 + 3966/(-24)). Let c = p - 101. What is the units digit of c?
1
Suppose -2 = -2*c - 4. Let m = 17 + -14. Let k = c + m. What is the units digit of k?
2
Let h(d) = 5*d**2 - 18*d + 3. What is the units digit of h(-24)?
5
Let a(m) = m**3 + 22*m**2 + 38*m - 29. What is the hundreds digit of a(-17)?
7
Suppose -20 = -4*n, 15 = 2*p + p + 3*n. Let x = 5 + -7. What is the tens digit of (-1 - x)*(p + 14)?
1
Suppose 2*s - 2*h - 2086 = -s, -3*s + 5*h + 2101 = 0. What is the units digit of s?
2
Suppose -19 = z + 5*t - 1375, -2*z + 4*t = -2698. What is the tens digit of z?
5
Let k = 714 - 130. What is the tens digit of k?
8
Suppose -3*c = 4*f - 388, 0 = 5*f + 3*c - 84 - 398. Let v = f + -38. What is the units digit of v?
6
Suppose 108*d - 66429 = 75*d. What is the units digit of d?
3
Let u be 8 + -3 + 1 + -2. Let a be (-124)/(-9) - u/(-18). Suppose 45 - a = y. What is the units digit of y?
1
Let r(y) = 181*y**3 - y**2. Let t be (6/(-3) - -4) + -3. Let u be r(t). What is the tens digit of u/(-6) - (-12)/18?
3
Suppose -27*n = n - 32144. What is the thousands digit of n?
1
Let c(h) = -5*h - 13. Let w be c(-13). Let x = w - -50. Let p = x - 67. What is the units digit of p?
5
Let m = -28 - -34. Let k be (-992)/(-24) + (-8)/m. Suppose 2*b - 5*b - 3*h = -144, -b + k = 3*h. What is the units digit of b?
2
Suppose -4*x + 2*l + 878 = 0, -l = 4*x - 484 - 379. What is the tens digit of x?
1
Suppose 5*j - 5540 = -5*x, 2*x = -2*x + 3*j + 4425. What is the tens digit of x?
0
Suppose -4*a = 4*j + a - 37, 3*a - 6 = 3*j. Let t(b) = 0 - 2 + 6*b + 0 + j. What is the units digit of t(1)?
7
Let d(k) = -29*k**3 + 6*k**2 + 15*k - 13. What is the tens digit of d(-5)?
8
Suppose 0 = -5*y + 3 + 2. What is the tens digit of (-2)/y*(-846)/36?
4
Suppose -2*i = -51 - 5. Let q = i + -27. What is the units digit of (q + 0)/(1/5)?
5
Suppose 3*c = l + 3857, l + 13 = 11. What is the hundreds digit of c?
2
Let m = 8 - 14. Let u = m - -63. What is the tens digit of u?
5
Let s(f) = -6*f**3 - f**2 - 2*f - 1. Let u(l) = l**2 - 4*l - 1. Let p be u(4). Let d be s(p). What is the units digit of (0 + 4)/(d/9)?
6
Let x(c) be the third derivative of -c**6/120 + c**5/4 - 7*c**4/12 - 8*c**3/3 + 13*c**2. What is the hundreds digit of x(11)?
3
Suppose 4030*q - 4023*q = 7189. What is the hundreds digit of q?
0
Let i(k) = -3*k - 12 + 4 + 0*k. Let w be i(-8). What is the units digit of w/24 + 164/6?
8
Suppose 5*i = 4*i. What is the tens digit of 37 - i/(-5 + 2)?
3
Suppose 20 + 10 = 5*j. Let l be (-8)/6 - 100/j. What is the units digit of l*((-12)/(-8) + -4)?
5
Let r(w) = 5351*w + 23. What is the units digit of r(1)?
4
Let p(u) = u**2 - u - 1. Let r(s) = 5*s**2 + 7*s - 23. Let l = -22 + 26. Let g(d) = l*p(d) - r(d). What is the units digit of g(-12)?
7
Let o(v) = -v**3 + 3*v**2 - 2*v + 8. Let j be o(3). Suppose 0 = j*h - 61 - 9. Suppose 0 = -2*q + 45 + h. What is the units digit of q?
0
Let s be 4/(-18) - 235/(-45). Let d be 9/(36/16) + -4. Suppose -4*m = -u + 2, d = s*u + m - 48 - 4. What is the units digit of u?
0
Let p(o) = 12*o + 4. Let i be p(-1). Let f(d) = -d**3 - 5*d**2 + 9*d - 4. What is the hundreds digit of f(i)?
1
Let t(r) be the second derivative of -r**5/20 + 2*r**4/3 - r**3/3 + 2*r**2 + 2*r. Let f be (-32)/(-6) - (-7)/((-126)/(-12)). What is the units digit of t(f)?
4
Suppose 5*p - 15 = 2*p. Let a(i) = -i**3 + 7*i**2 - 6*i - 7. Let o be a(p). Let b = o - 12. What is the units digit of b?
1
Suppose -4 = 2*w, -3 = 4*m + 4*w - 27. Suppose -m*f - 247 = -1935. What is the hundreds digit of f?
2
Let v(n) = n**2 - 6*n - 6. Let h be v(7). Let u be -3*h/(-6)*2. Suppose -3*t + 47 + u = 2*g, -69 = -4*t - g. What is the units digit of t?
8
Let x(y) = -3*y - 16 - 10*y + y - y. What is the units digit of x(-7)?
5
Let g = 62 - -16. What is the tens digit of g?
7
Suppose 0*z = -2*z. Suppose -2*g = -6 - z. What is the units digit of (-1)/((-1)/(5 - g))?
2
Suppose 2*p - 5 = x, 3*x + 6 - 35 = -5*p. Suppose 0*i + x*i = 51. What is the tens digit of i?
1
Let n = -4 + 34. Let p = 12 + n. What is the units digit of p?
2
Let u = -230 + 427. What is the tens digit of u?
9
Let o(y) = y**2 - 4*y + 6. Let r be o(3). Suppose 3*x + 3*z + 5 = -4, r*x = 5*z + 31. Suppose -x = p - 7. What is the units digit of p?
5
Suppose 4*q = 23 + 29. Let t = -13 + q. Suppose 6*w = -t*w + 12. What is the units digit of w?
2
Let r(w) = 4*w**2 + 28*w + 76. What is the units digit of r(-16)?
2
Suppose 3*l + 2*l + t - 3330 = 0, 2*t + 10 = 0. What is the tens digit of l?
6
Let j(b) = -27*b**3 - 54*b**2 - 9*b - 64. Let o(l) = 5*l**3 + 11*l**2 + 2*l + 13. Let y(r) = -2*j(r) - 11*o(r). What is the tens digit of y(-14)?
3
Suppose -53 = -4*i + 191. Suppose 5*r = 4*g - 182, 2*g + r - 37 - i = 0. What is the units digit of g?
8
Suppose -5*g - 4*r + 15 = 0, 5*r = -3*g + 13 - 4. What is the units digit of g/(-30)*-4 + 843/5?
9
Let v = 2180 + -608. What is the hundreds digit of v?
5
What is the tens digit of -6456*(-6)/20*(-10)/(-4)?
4
Let u(d) = d**2 - d - 2. Let t be u(-1). Suppose t*p = -3*p + 780. Suppose 5*c = -15, 5*i + c = -4*c + p. What is the tens digit of i?
5
Let v(h) = -h**2 + 27*h - 15. Let m be v(22). Let k = m - -46. What is the hundreds digit of k?
1
Suppose 22 = n - 0*n. Let j = 25 - n. What is the units digit of -4 + j - (-1 - 41)?
1
Let a(b) = -b**3 + 19*b**2 - b + 13. Let d be a(19). What is the units digit of (-4)/d - 14/(-12)*62?
3
Let i be -1*(-1 + 5 + -3)*-8. Let n(q) = -q**3 + 9*q**2 + 7*q - 8. What is the hundreds digit of n(i)?
1
Suppose 15*y + 68 = 11*y. Let t(m) = -m**3 - 15*m**2 + 24*m - 22. What is the hundreds digit of t(y)?
1
What is the tens digit of (44/(-14))/(3/(-651))?
8
Suppose -183 - 257 = -p. What is the hundreds digit of p?
4
Let u(h) = h**3 - 21*h**2 - 12*h - 223. What is the units digit of u(24)?
7
Suppose 4*j + 51 = 5*y, -1 + 9 = -2*j. Suppose -y*b = -3*b - 604. What is the hundreds digit of b?
1
Suppose -10*l + 15*l = 0. Suppose -5*i + l*c = c - 395, 5*c - 79 = -i. What is the tens digit of i?
7
Let w be 3*(-2 + 1 + 2). Let a be w*(-6)/(-9)*1. Suppose -a*b + 17 = -b. What is the units digit of b?
7
Suppose 2*h + 714 = 4*h - 2*d, 5*h - 1805 = d. Suppose 10 + h = 6*o. What is the tens digit of o?
6
Suppose -89 = -5*y + 61. Suppose -4*j + y = j. Suppose 5*b = 2*n + 72, 0 = 2*b + 2*n - j*n - 16. What is the tens digit of b?
1
Let f be (-4)/(-5)*(-2 + 7). Suppose f = -2*j, 3*n - 95 = 2*n - 3*j. What is the hundreds digit of n?
1
Let n(o) = 2*o**2 - 24*o - 130. What is the units digit of n(21)?
8
Let h = 920 - 222. What is the units digit of h?
8
Suppose 2*h = 2*q - 620, -4*q + 4*h - 965 = -7*q. What is the tens digit of q?
1
Let c(l) = 75*l - 23 + 13 + 15. What is the tens digit of c(1)?
8
Let x = 9 + -7. Suppose -2*h = h - 3. What is the units digit of (1 - -3)/(h/x)?
8
Let j = -17 - -28. Let t = 83 - -27. Suppose -a - 2*p + j = -14, -5*a + 5*p = -t. What is the tens digit of a?
2
Let u be ((-18)/(-15))/((-4)/(-30)). What is the units digit of 364/63 - 5 - (-2)/u?
1
Suppose 0 = -7*c + 3*c - 44. Let u = -5 - c. What is the units digit of (12/(-2))/(u/(-3))?
3
Let r be 2/7 + (-8)/(-84)*39. Suppose -r*f + 233 = -3*c - 332, f - 139 = 3*c. What is the tens digit of f?
4
Let j be 48/(-18) - (-6)/9. What is the tens digit of 20/(3 + 5/j)?
4
Suppose y + 5*b - 925 = 